 + 7*a + 5. Calculate the remainder when 8 is divided by -1 + 1/a*-6.
3
Let q = 5 - 0. Suppose -3*f + 5*a = -77, 3*a + 139 = q*f - 0*f. What is the remainder when f is divided by 15?
14
Let y(k) = k**3 - 6*k**2 + 5*k + 5. Let m be y(5). Suppose 0 = -8*j + m*j + 3. What is the remainder when 2 is divided by j?
0
Let l(u) = u + 7. Let c(g) = g - 1. Let n be c(-2). What is the remainder when 9/6*(-8)/n is divided by l(-5)?
0
Suppose -5*j = -80 - 440. Calculate the remainder when j is divided by 15.
14
Let x(l) = 7*l**3 - 6*l**2 - 2*l + 9. Let h(b) = -6*b**3 + 6*b**2 + b - 8. Let c(i) = 6*h(i) + 5*x(i). Calculate the remainder when c(4) is divided by 5.
3
Let g(l) = -3*l - 33. Let i(b) = -b - 1. Calculate the remainder when g(-12) is divided by i(-3).
1
Suppose 0 = -3*c + s + 50, -c + 3*s = -10 - 12. What is the remainder when 76 is divided by c?
12
Suppose -24 = t - 5*k, 3*k - 30 = -5*t - 2*k. What is the remainder when 2 is divided by t?
0
Let q = -9 - -12. Let k(h) = -h**3 + 1. Let w be k(-1). What is the remainder when q is divided by 4*1 + (0 - w)?
1
Suppose 8*b - 25 = 3*b, 4 = d - 3*b. Suppose 2*r = -d + 47. Calculate the remainder when 26 is divided by r.
12
Suppose 0 = -3*i - 9 + 33. What is the remainder when 30 is divided by i?
6
Let w = -170 + 174. What is the remainder when 54 is divided by w?
2
Let v(g) = -g + 1. Suppose 0 = -4*w + 4*o + 4, -w - w + o = 1. Let q be -2 + (2/w - 2). Calculate the remainder when 21 is divided by v(q).
3
Let f = 14 - -17. Calculate the remainder when f is divided by (1/(-3))/(8/(-408)).
14
Let t = -123 + 241. Calculate the remainder when t is divided by 15.
13
Let p = -14 - -73. Calculate the remainder when p is divided by 15.
14
Let j = -1 + 3. Suppose -4*a = 5*l - 55, 0*l + 50 = j*a - 2*l. What is the remainder when 59 is divided by a?
19
Suppose 0 = -2*i + 3*y + 54, 0 = -3*i - i + y + 88. Suppose -f + 4 = -i. What is the remainder when f is divided by 7?
4
Suppose k - 3*a + 4 = 0, 0*a = -3*k + 4*a - 17. Let g(z) = -z + 4. Let i(x) = -x**3 + 3*x**2 + 2*x. Calculate the remainder when g(k) is divided by i(3).
5
Let d = 19 + 96. Calculate the remainder when d is divided by 13.
11
Suppose 0 = 3*x - 18 - 75. Suppose -4*m = -5*m + 5. Suppose 0 = m*c + 32 - 87. Calculate the remainder when x is divided by c.
9
Suppose -5*c + 482 = 3*x, -x = -5*c + 240 + 226. Suppose -2*i - 6*p + p + 24 = 0, i + 3*p - 13 = 0. What is the remainder when 3/12 - c/(-8) is divided by i?
5
Let p(a) = a**3 - 3*a**2 - 4*a + 3. Suppose -12*k + 10*k + 18 = 0. What is the remainder when p(5) is divided by k?
6
Suppose -7*g + 10*g - 36 = 5*n, 3*n + 23 = 2*g. Calculate the remainder when 13 is divided by g.
6
Let g = 26 - 51. What is the remainder when (-1)/(0 + -1) - g is divided by 14?
12
Suppose -y = -3*y, 5*o - 4*y = 65. Let p = 20 - o. What is the remainder when 27 is divided by p?
6
Let g(n) = n**2 + n - 24. Calculate the remainder when g(7) is divided by 9.
5
Let k(r) = r + 1. Let q(b) = -7*b + 3. Let z(o) = -2*k(o) - q(o). Calculate the remainder when z(6) is divided by 9.
7
Let h = 57 + -97. Let q = 85 + h. What is the remainder when q is divided by (138/9)/((-4)/(-6))?
22
Let h(n) = -n**2 - 10*n - 1 - 2 + 5. What is the remainder when 21 is divided by h(-9)?
10
Suppose 135 = 5*i - 2*i. Calculate the remainder when i is divided by 12.
9
Suppose -3*t + 11 = -16. What is the remainder when 13 - (-8 + -1 + 6) is divided by t?
7
Let m = -64 - -78. What is the remainder when 123 is divided by m?
11
Suppose -4*x = -5*p - 105, -5*x - 4*p + 121 = -0*x. Let m(c) = c**3 + 8*c**2 + 5*c - 7. What is the remainder when x is divided by m(-7)?
4
Let d(j) = -j**3 - j + 2*j**3 - 8 + 8*j**2 - 9*j - 3*j**2. What is the remainder when 30 is divided by d(-6)?
14
Let n be 3 - (-1)/((-3)/(-6)). Suppose n*a - 15 = 3*q, 0 = 2*a + q + q - 22. What is the remainder when 2/(-4) + 21/2 is divided by a?
4
Let g(u) = u**3 + 10*u**2 - 14*u - 13. What is the remainder when g(-11) is divided by 7?
6
Let t(u) = u. Let s(p) = 21*p**3 + 2*p. Let q(b) = -s(b) + 3*t(b). Suppose -f - 6 = -13. What is the remainder when q(-1) is divided by f?
6
Let z(c) be the first derivative of c**4/4 + 7*c**3/3 - c**2/2 + 7*c - 1. Calculate the remainder when z(-7) is divided by 4.
2
Suppose z = 2*r + 6, -2*z - 30 = -5*z + 2*r. Let p = 6 - -2. Let u = 15 + p. What is the remainder when u is divided by z?
11
Let h = -51 - -160. Suppose 2*k = -f + h, -2*f + 29 + 33 = k. What is the remainder when k is divided by 18?
16
Suppose l - 3*l = -34. What is the remainder when 31 is divided by l?
14
Suppose 334*p - 333*p - 32 = 0. Calculate the remainder when p is divided by 9.
5
Let n = -167 - -174. Let z(b) = b**2 + b + 6. Let k(c) = -c - 3. Let y(i) = 5*k(i) + 3*z(i). What is the remainder when y(2) is divided by n?
4
Let p(o) = -o**3 + 11*o**2 + o + 9. What is the remainder when 56 is divided by p(11)?
16
What is the remainder when 8/14 - (-262)/7 is divided by 13?
12
Let j(q) = -q + 16. What is the remainder when j(0) is divided by 9?
7
What is the remainder when 1*(0 + 25 + 4) is divided by 8?
5
Let a = -32 + 49. What is the remainder when 63 is divided by a?
12
Suppose 10 = p - 0*p. Let d = p - -18. What is the remainder when d is divided by 10?
8
Let d be 0 - (2 + 6/(-2)). Let a = 3 + d. Suppose 3*j - v = -a*v + 36, -5*j + 51 = -4*v. What is the remainder when j is divided by 6?
5
Let a = 24 - 2. Let p(i) = 92*i + 1. Let y be p(1). Let s = y + -29. What is the remainder when s is divided by a?
20
Let x(m) = -m + 73. What is the remainder when 100 is divided by x(22)?
49
Suppose m - 4*l + 24 = 0, 0 = 3*m + l - 1 + 8. Let a = 4 + m. Suppose -5*g - 5*b + 135 = a, -g + 4*b = -2 - 20. Calculate the remainder when g is divided by 14.
12
Let l = 66 + 12. Calculate the remainder when l is divided by 9/60*4*45.
24
Calculate the remainder when 38 is divided by (0 - 1)/((-7)/77).
5
Suppose z = 6*z + 425. Let f = z - -119. Suppose -3*l - 4 = -f. Calculate the remainder when l is divided by 4.
2
Let y(v) = -28*v - 4. Let l be y(-3). Suppose 34 + l = 6*b. Suppose g + 3*k - 55 = 10, 5*k = 15. What is the remainder when g is divided by b?
18
Let i be (1 - 2/8)*-4. Let x = i - -32. What is the remainder when x is divided by 10?
9
Let r(o) = -o. What is the remainder when 47 is divided by r(-12)?
11
Suppose y = 2*g - g + 36, 3*y + 5*g - 108 = 0. What is the remainder when y is divided by 13?
10
Suppose 3*n = -n + 244. Calculate the remainder when n is divided by 16.
13
Let j be 6*(-1)/(-2)*7. Let p = j + -14. Calculate the remainder when 13 is divided by p.
6
Let d(y) = 3*y**2 - 7*y + 4. Suppose -5*z = -3*z - 8. Calculate the remainder when d(z) is divided by 52/6*(-3)/(-2).
11
Let u(o) = -o**3 - 10*o**2 - o - 12. Let d be u(-10). What is the remainder when 33 + 3 - d/1 is divided by 13?
12
Let t = 45 - 10. Calculate the remainder when 20 is divided by 375/t + (-4)/(-14).
9
Suppose o + 3*g = 15, 3*o + 2*o - 4*g - 18 = 0. Let a(c) = 16*c**3 + 2*c - 1. What is the remainder when a(1) is divided by o?
5
Suppose 0*a - 8 = -a. Let v = -48 - -79. What is the remainder when v is divided by a?
7
Let l be 2 + -1 - (3 + -1). Let r(i) = 47*i + 13. Let k(n) = -24*n - 7. Let v(f) = -11*k(f) - 6*r(f). Calculate the remainder when v(l) is divided by 6.
5
Let j(f) = -2*f**2 - 2. Let n be j(-2). Let x = n - -20. Suppose -q + 0*q + x = 0. Calculate the remainder when 19 is divided by q.
9
Let f(s) = 8*s**2 - 5*s - 1. Calculate the remainder when f(3) is divided by 29.
27
Suppose 3*s + 2*s + 85 = 0. Suppose -2*j = -0*j + 18. Let o = j - s. Calculate the remainder when 14 is divided by o.
6
Let h = 37 - -13. Suppose 0*a = -g - a + 8, -5*a = -4*g + h. What is the remainder when 31 is divided by g/5 + (-1 - -15)?
15
Suppose 4*n - 2 = -14. Let c(v) = v**3 + 5*v**2 + 4*v + 4. What is the remainder when c(n) is divided by 4?
2
Let u be 1/2 - (-3)/(-2). Suppose -5*n = -s - 15, -2*s - 2*s - 4*n = 84. What is the remainder when 28 is divided by (-1)/(u/s*-2)?
8
Let w = 0 + 9. Let m(z) = -z**3 - 5*z**2 - 3*z. Let k be m(-4). Let n(r) = -r**3 - 5*r**2 - 5*r + 1. What is the remainder when w is divided by n(k)?
4
Let d be 14/6 - (-10)/(-30). Suppose 113 = 5*h + 2*r - 4*r, d*r - 71 = -3*h. Calculate the remainder when h is divided